en 66575 is divided by 1970.
1565
Calculate the remainder when 21118197 is divided by 120.
117
What is the remainder when 4747130 is divided by 639?
638
Calculate the remainder when 12906672 is divided by 614.
392
Calculate the remainder when 166392 is divided by 727.
636
Calculate the remainder when 19463394 is divided by 721.
720
Calculate the remainder when 849931 is divided by 189.
187
Calculate the remainder when 18004484 is divided by 151.
150
What is the remainder when 3944297 is divided by 131476?
17
Calculate the remainder when 119836422 is divided by 99.
90
Calculate the remainder when 186048486 is divided by 2779.
2773
Calculate the remainder when 117936 is divided by 117477.
459
What is the remainder when 978317 is divided by 325837?
806
What is the remainder when 24080645 is divided by 4013439?
11
Calculate the remainder when 33990127 is divided by 809.
801
What is the remainder when 595227 is divided by 108?
39
Calculate the remainder when 4655562 is divided by 8558.
10
What is the remainder when 1894578 is divided by 118393?
290
Calculate the remainder when 31363873 is divided by 31363871.
2
Calculate the remainder when 24036459 is divided by 2160.
2139
What is the remainder when 63591547 is divided by 3742?
3741
What is the remainder when 23787186 is divided by 137?
13
What is the remainder when 295422 is divided by 295326?
96
Calculate the remainder when 22240391 is divided by 1336.
1335
Calculate the remainder when 3650736 is divided by 59848.
8
What is the remainder when 60583 is divided by 168?
103
Calculate the remainder when 2702131 is divided by 900553.
472
Calculate the remainder when 352982 is divided by 315.
182
What is the remainder when 78440546 is divided by 78?
2
What is the remainder when 69825 is divided by 1562?
1097
Calculate the remainder when 155088076 is divided by 1418.
1416
What is the remainder when 1469600 is divided by 1888?
736
Calculate the remainder when 13131851 is divided by 2626365.
26
What is the remainder when 33242788 is divided by 64424?
4
What is the remainder when 6250651 is divided by 76225?
201
Calculate the remainder when 285652 is divided by 5447.
2408
Calculate the remainder when 10786396 is divided by 160.
156
What is the remainder when 179323 is divided by 179284?
39
What is the remainder when 693854 is divided by 53369?
57
What is the remainder when 839836 is divided by 1012?
888
Calculate the remainder when 4551328 is divided by 32.
0
Calculate the remainder when 121092 is divided by 20005.
1062
What is the remainder when 75131 is divided by 210?
161
Calculate the remainder when 261493 is divided by 762.
127
What is the remainder when 14355795 is divided by 9063?
3
Calculate the remainder when 3294705 is divided by 2419.
27
Calculate the remainder when 274572 is divided by 91474.
150
What is the remainder when 16062811 is divided by 1696?
1691
Calculate the remainder when 26296 is divided by 7035.
5191
What is the remainder when 966220 is divided by 19?
13
Calculate the remainder when 6680256 is divided by 214.
32
What is the remainder when 4432694 is divided by 1739?
1722
What is the remainder when 51842 is divided by 12846?
458
What is the remainder when 875155 is divided by 468?
463
Calculate the remainder when 15916201 is divided by 2652700.
1
What is the remainder when 332483 is divided by 1426?
225
Calculate the remainder when 196552 is divided by 1927.
1925
What is the remainder when 930831 is divided by 465411?
9
Calculate the remainder when 440255 is divided by 55012.
159
What is the remainder when 14469556 is divided by 185507?
10
What is the remainder when 7677627 is divided by 1409?
1395
Calculate the remainder when 1089527 is divided by 2048.
2039
What is the remainder when 6533769 is divided by 13120?
9
Calculate the remainder when 985087 is divided by 169.
155
Calculate the remainder when 123328105 is divided by 6863.
6858
What is the remainder when 196002620 is divided by 2275?
2270
What is the remainder when 9427 is divided by 6509?
2918
What is the remainder when 2774645 is divided by 693658?
13
What is the remainder when 6301954 is divided by 3150971?
12
What is the remainder when 70139 is divided by 11456?
1403
Calculate the remainder when 161838 is divided by 32327.
203
Calculate the remainder when 5760811 is divided by 5445.
1
What is the remainder when 9644726 is divided by 6850?
6776
Calculate the remainder when 391923 is divided by 38620.
5723
Calculate the remainder when 1357049 is divided by 2315.
459
What is the remainder when 121669855 is divided by 3?
1
What is the remainder when 147446 is divided by 36664?
790
Calculate the remainder when 3539655 is divided by 9.
0
What is the remainder when 190666 is divided by 1143?
928
Calculate the remainder when 1170098 is divided by 1170068.
30
Calculate the remainder when 74483 is divided by 8204.
647
Calculate the remainder when 9766694 is divided by 3255535.
89
What is the remainder when 36906253 is divided by 32952?
13
Calculate the remainder when 765351 is divided by 85038.
9
Calculate the remainder when 357106 is divided by 1030.
726
Calculate the remainder when 17528 is divided by 4185.
788
Calculate the remainder when 62189770 is divided by 49.
48
Calculate the remainder when 3914911 is divided by 17.
15
What is the remainder when 195839 is divided by 11427?
1580
Calculate the remainder when 3034498 is divided by 189653.
50
Calculate the remainder when 136344 is divided by 27240.
144
Calculate the remainder when 35735 is divided by 35655.
80
What is the remainder when 5950105 is divided by 734?
301
Calculate the remainder when 15416059 is divided by 110.
109
What is the remainder when 211114 is divided by 115?
89
What is the remainder when 9475398 is divided by 29?
25
What is the remainder when 3191116 is divided by 5541?
5041
Calculate the remainder when 190827 is divided by 94735.
1357
What is the remainder when 11033 is divided by 5249?
535
What is the remainder when 607249 is divided by 8930?
9
Calculate the remainder when 1490152 is divided by 745071.
10
What is the remainder when 353775 is divided by 816?
447
What is the remainder when 53061012 is divided by 26?
4
Calculate the remainder when 969976193 is divided by 41.
38
What is the remainder when 391933 is divided by 2359?
339
What is the remainder when 430678 is divided by 47640?
1918
Calculate the remainder when 1657446 is divided by 1389.
369
Calculate the remainder when 183549 is divided by 233.
178
Calculate the remainder when 56361 is divided by 6181.
732
Calculate the remainder when 11344 is divided by 11333.
11
What is the remainder when 198706 is divided by 611?
131
What is the remainder when 144702898 is divided by 77?
32
What is the remainder when 19860372 is divided by 1255?
1252
Calculate the remainder when 133462 is divided by 133435.
27
Calculate the remainder when 68163 is divided by 884.
95
What is the remainder when 85388 is divided by 85166?
222
What is the remainder when 311556 is divided by 186?
6
What is the remainder when 123358276 is divided by 209?
206
Calculate the remainder when 444765 is divided by 13441.
1212
Calculate the remainder when 2721966 is divided by 500.
466
What is the remainder when 3893278 is divided by 2226?
4
Calculate the remainder when 58004 is divided by 43.
40
What is the remainder when 37506559 is divided by 36?
31
What is the remainder when 49861 is divided by 135?
46
What is the remainder when 20237480 is divided by 804?
800
What is the remainder when 1319454 is divided by 657848?
3758
Calculate the remainder when 315699 is divided by 666.
15
What is the remainder when 9030892 is divided by 40?
12
Calculate the remainder when 18434539 is divided by 1146.
1129
What is the remainder when 800836 is divided by 859?
248
What is the remainder when 24615593 is divided by 701?
679
Calculate the remainder when 148176 is divided by 7408.
16
Calculate the remainder when 41460891 is divided by 37218.
39
Calculate the remainder when 134896 is divided by 176.
80
Calculate the remainder when 93971578 is divided by 6264771.
13
Calculate the remainder when 28343691 is divided by 349.
5
Calculate the remainder when 140215 is divided by 8242.
101
What is the remainder when 10600257 is divided by 15?
12
Calcul